{"id":15,"date":"2021-07-20T10:54:39","date_gmt":"2021-07-20T13:54:39","guid":{"rendered":"http:\/\/femasantarosa.edu.br\/teste1\/?page_id=15"},"modified":"2025-03-21T21:03:23","modified_gmt":"2025-03-22T00:03:23","slug":"sobre","status":"publish","type":"page","link":"https:\/\/www.femasantarosa.com.br\/radio\/index.php\/sobre\/","title":{"rendered":"A R\u00e1dio"},"content":{"rendered":"\n<p><\/p>\n\n\n\n<p>A R\u00e1dio FEMA Educativa FM 106,3 \u00e9 uma emissora comprometida com a boa m\u00fasica, informa\u00e7\u00e3o de qualidade e cultura em todos os n\u00edveis. No ar desde 2003, a R\u00e1dio FEMA FM possui em seus fundamentos que os servi\u00e7os de radiodifus\u00e3o sejam executados com fins exclusivamente educativos e culturais. Diariamente a programa\u00e7\u00e3o da FEMA FM est\u00e1 voltada para a diversidade e a qualidade musical que s\u00e3o marcas da FEMA FM. Antes de entrar na programa\u00e7\u00e3o as m\u00fasicas s\u00e3o avaliadas em todos os aspectos est\u00e9ticos, como melodia, po\u00e9tica, qualidade de grava\u00e7\u00e3o e contexto cultural, alheias as exig\u00eancias da m\u00fasica puramente comercial. Cada um com seu hor\u00e1rio adequado, os g\u00eaneros mais diversos t\u00eam espa\u00e7o na R\u00e1dio da Funda\u00e7\u00e3o Educacional Machado de Assis. M\u00fasica brasileira, ra\u00edzes, rock, pop, blues e instrumental est\u00e3o sempre em destaque. Ouvir a FEMA FM \u00e9 estar diretamente conectado com a diversidade musical que agrada os melhores ouvintes.<\/p>\n\n\n<h1>\n<p><strong>PROP\u00d3SITO<\/strong><\/p>\n<\/h1>\n\n\n<p>A 106,3 \u00e9 uma emissora que possui em seus fundamentos que os servi\u00e7os de radiodifus\u00e3o sejam executados com fins exclusivamente educativos e culturais, prezando sempre pela qualidade da informa\u00e7\u00e3o e pluralidade musical.<\/p>\n\n\n\n<p><strong>APOIO CULTURAL<\/strong><\/p>\n\n\n\n<p>Por ser uma emissora de car\u00e1ter Educativo, a FEMA FM n\u00e3o veicula ou comercializa espa\u00e7os comerciais. Atrav\u00e9s dos Apoiadores Culturais obt\u00e9m parte dos recursos necess\u00e1rios para a realiza\u00e7\u00e3o de seus projetos. Ser um apoiador cultural \u00e9 acreditar na constru\u00e7\u00e3o de uma m\u00eddia voltada para a cultura, informa\u00e7\u00e3o e m\u00fasica de qualidade, associado ao fator Educa\u00e7\u00e3o que \u00e9 indispens\u00e1vel em uma sociedade comprometida com o pr\u00f3prio desenvolvimento. Isso significa a forma\u00e7\u00e3o de um p\u00fablico de elevado n\u00edvel de esclarecimento, conhecimento e tudo que estes proporcionam na vida individual e coletiva.<\/p>\n\n\n\n<p><strong>HIST\u00d3RICO<\/strong><\/p>\n\n\n\n<p>A R\u00e1dio FEMA Educativa FM 106,3 \u00e9 uma emissora comprometida com a boa m\u00fasica, informa\u00e7\u00e3o de qualidade e cultura em todos os n\u00edveis. Possui em seus fundamentos servi\u00e7os de radiodifus\u00e3o com fins exclusivamente educativos e culturais. Diariamente demonstra sua diversidade e qualidade musicais, pois, antes de serem reproduzidas, as m\u00fasicas da programa\u00e7\u00e3o s\u00e3o avaliadas em todos os aspectos: est\u00e9tico, melodia, poesia, qualidade t\u00e9cnica (grava\u00e7\u00e3o) e contexto cultural, alheias as exig\u00eancias da m\u00fasica puramente comercial. Cada um com seu hor\u00e1rio adequado, os g\u00eaneros mais diversos t\u00eam espa\u00e7o na R\u00e1dio da Funda\u00e7\u00e3o Educacional Machado de Assis. M\u00fasica brasileira, raiz, rock, pop, blues e instrumental est\u00e3o sempre em destaque. Ouvir a FEMA FM \u00e9 estar diretamente conectado com a diversidade musical que contribui com uma sociedade melhor em amplo aspecto.<\/p>\n\n\n\n<p>Por ser de car\u00e1ter Educativo, a FEMA FM obt\u00e9m Apoiadores Culturais, fonte de parte significativa dos recursos financeiros necess\u00e1rios para a realiza\u00e7\u00e3o e operacionaliza\u00e7\u00e3o de suas atividades e projetos. Ser um apoiador cultural da R\u00e1dio FEMA \u00e9 acreditar na constru\u00e7\u00e3o de uma m\u00eddia voltada para a cultura, informa\u00e7\u00e3o e m\u00fasica de qualidade, no est\u00edmulo a forma\u00e7\u00e3o de p\u00fablico com elevado n\u00edvel de esclarecimento e conhecimento acerca da realidade local e regional, com o advento da Internet, tamb\u00e9m alinhado com o que acontece no mundo.<\/p>\n\n\n\n<p>\u00c9 preciso reconhecer e valorizar o trabalho dos que vieram antes de todos os demais, os que enfrentaram as dificuldades da \u00e9poca e pagaram o pre\u00e7o para que a R\u00e1dio FEMA pudesse existir e ao longo do tempo se consolidasse. Destacamos, entre as personalidades: Dr. JUSTINO GIRARDI, Sr. SAUL DANTE LIBERALI, Sr. ILMO JOS\u00c9 JUNGS, o Vereador CARLOS ALBERTO NASI, e o Deputado Federal NELSON MARCHEZAN.<\/p>\n\n\n\n<p>O Processo n\u00ba 53790.000689\/99, encaminhado \u00e0 Secretaria-Executiva do Conselho de Defesa Nacional para executar&nbsp; seus servi\u00e7os de radiodifus\u00e3o, do Minist\u00e9rio das Comunica\u00e7\u00f5es, versando sobre a solicita\u00e7\u00e3o de Assentimento Pr\u00e9vio (AP) do Conselho de Defesa Nacional (CDN), formulada pela FUNDA\u00c7\u00c3O EDUCACIONAL MACHADO DE ASSIS, para executar servi\u00e7o de radiodifus\u00e3o sonora em Frequ\u00eancia Modulada, com fins exclusivamente educativos, no Munic\u00edpio de Santa Rosa. Embasamento legal na Lei n\u00ba 6.634, de 2 de maio de 1979, com&nbsp; o respectivo regulamento (Decreto n\u00ba 85.064, de 26 de agosto de 1980) e Medida Provis\u00f3ria n\u00ba 1.911-10, de 24 de setembro de 1999. Ap\u00f3s exame, teve aprecia\u00e7\u00e3o, n\u00e3o se evidenciando impedimento para a solicita\u00e7\u00e3o requerida, foi autorizado, desta forma, o assentimento pr\u00e9vio para a execu\u00e7\u00e3o de seus servi\u00e7os radiof\u00f4nicos, cujo ato foi publicado pelo Chefe do Gabinete de Seguran\u00e7a Institucional da Presid\u00eancia da Rep\u00fablica, no Di\u00e1rio Oficial da Uni\u00e3o, n\u00ba 204, do dia 20 de outubro de 1999.<\/p>\n\n\n\n<p>O passo seguinte foi a autoriza\u00e7\u00e3o para&nbsp; executar o Servi\u00e7o de Radiodifus\u00e3o Sonora, tendo a Comiss\u00e3o de Constitui\u00e7\u00e3o e Justi\u00e7a e de Reda\u00e7\u00e3o da C\u00e2mara dos Deputados&nbsp; (CCJR) aprovado&nbsp; o parecer do Deputado Federal NELSON LARCHEZAN ao Projeto de Decreto Legislativo n\u00ba 1.086\/2001, que aprovou o ato de outorga permiss\u00e3o \u00e0 Funda\u00e7\u00e3o Educacional Machado de Assis para explorar servi\u00e7os de radiofus\u00e3o sonora, em frequ\u00eancia modulada, com fins exclusivamente educativos, na cidade de Santa Rosa, Estado do Rio Grande do Sul. A Proposi\u00e7\u00e3o encaminhada ao Congresso Nacional pelo Poder Executivo, por meio da Mensagem n\u00ba 1.897, de 2001, concede a permiss\u00e3o do servi\u00e7o&nbsp; de r\u00e1dio fus\u00e3o pelo prazo de dez anos, sem direito de exclusividade.<\/p>\n\n\n\n<p>Desta forma o Congresso Nacional , em 03 de dezembro de 2001, decreta&nbsp; que fica aprovado o ato&nbsp; que se refere a Portaria n\u00ba 688, de 14 de novembro de 2000, outorgando&nbsp; permiss\u00e3o&nbsp; para a Funda\u00e7\u00e3o Machado de Assis executar seus servi\u00e7os de radiodifus\u00e3o, tendo o Decreto sido assinado pelo ent\u00e3o Presidente da C\u00e2mara dos Deputados,&nbsp; Excelent\u00edssimo Sr. A\u00e9cio Neves.<\/p>\n\n\n\n<p>A 106,3, R\u00e1dio Educativa FEMA FM foi inaugurada oficialmente no <strong>dia 26 de abril de 2003<\/strong> e iniciou as atividades na Rua Minas Gerais 55, nas salas 1103 e 1104, do 11\u00ba andar do Edif\u00edcio Panor\u00e2mico em Santa Rosa, tendo sua torre met\u00e1lica, naquela \u00e9poca, localizada na Esquina Candeia, KM 03, local este outorgado pela Prefeitura Municipal de Santa Rosa. Atualmente a Torre met\u00e1lica est\u00e1 localizada no Edif\u00edcio Panor\u00e2mico \u2013 Rua Minas Gerais n\u00ba 55 \u2013 Santa Rosa\/RS.<\/p>\n\n\n\n<p>&nbsp;A fun\u00e7\u00e3o do primeiro Coordenador da Emissora foi delegada ao Sr. CARLOS ALBERTO NASI, liderando a equipe composta por V\u00edtor Alves, Solange Marostega, Ronise Damacine, M\u00e1rcio Minikel,&nbsp; Marcio Klein, Igor Mallmann, Paulo Soares, Valdir Ribeiro,&nbsp; Daiane Tibulo, Jefferson Minikel, entre outros. A coordena\u00e7\u00e3o foi substitu\u00edda posteriormente, passando a ser exercida por ELONI LUIZ LAVARDA.<\/p>\n\n\n\n<p>Com o passar do tempo, a Funda\u00e7\u00e3o Educacional Machado de Assis sentiu a necessidade de manter a R\u00e1dio Educativa FEMA FM mais pr\u00f3xima de sua sede, e ent\u00e3o no ano de 2006, a Emissora foi integrada fisicamente ao pr\u00e9dio da Institui\u00e7\u00e3o, na Rua Santos Dumont 820 (endere\u00e7o atual Fev\/2023); assumindo&nbsp; a Coordena\u00e7\u00e3o o Sr. JOS\u00c9 ROMEU MARCONCINE, sendo este substitu\u00eddo pela&nbsp; coordenadora&nbsp; a Sra. CLARICE DUR\u00c3O.<\/p>\n\n\n\n<p>A Emissora tem recebido ao longo de sua hist\u00f3ria, m\u00e9ritos e reconhecimentos pelo envolvimento e participa\u00e7\u00e3o direta e indireta nos mais variados eventos, movimentos, campanhas, entre outros, eventos que engrandecem a regi\u00e3o. FENASOJA, Hortigranjeiros, Musicanto, entre v\u00e1rios outros.<\/p>\n\n\n\n<p>Carinhosamente conhecida pela comunidade regional como \u201cA Queridinha da Cidade\u201d A R\u00e1dio FEMA est\u00e1 sob a Coordena\u00e7\u00e3o do Professor Dr. DANIEL DE MATTOS, nomeado para este ato em&nbsp; 26 de fevereiro de 2008, atrav\u00e9s da Portaria n\u00ba 01\/2008. Ele coordena a Emissora contando com uma equipe tamb\u00e9m apaixonada pelo que faz, sendo os atuais integrantes: <em>Andr\u00e9a Jarczewski da Silva (Produ\u00e7\u00e3o cultural\/financeiro);  Jaime Medina (T\u00e9cnico em Radiofus\u00e3o);  e os Comunicadores e Comunicadora: Alcindo Dalcin, Rafael de Oliveira, Claudiomiro Sorriso, Claudiomiro Bogler &#8211; Alem\u00e3o, M\u00e1rcio Minnikel, Jorge Viana, Eli Rodrigues e Richard Trapp; todos sob a Dire\u00e7\u00e3o Administrativa Geral de C\u00e9sio Carlos Alb\u00eaa.<\/em><\/p>\n","protected":false},"excerpt":{"rendered":"<p>A R\u00e1dio FEMA Educativa FM 106,3 \u00e9 uma emissora comprometida com a boa m\u00fasica, informa\u00e7\u00e3o de qualidade e cultura em todos os n\u00edveis. No ar desde 2003, a R\u00e1dio FEMA FM possui em seus fundamentos que os servi\u00e7os de radiodifus\u00e3o sejam executados com fins exclusivamente educativos e culturais. Diariamente a programa\u00e7\u00e3o da FEMA FM est\u00e1 [&hellip;]<\/p>\n","protected":false},"author":1,"featured_media":0,"parent":0,"menu_order":0,"comment_status":"closed","ping_status":"closed","template":"general-template.php","meta":{"footnotes":""},"class_list":["post-15","page","type-page","status-publish","hentry"],"_links":{"self":[{"href":"https:\/\/www.femasantarosa.com.br\/radio\/index.php\/wp-json\/wp\/v2\/pages\/15","targetHints":{"allow":["GET"]}}],"collection":[{"href":"https:\/\/www.femasantarosa.com.br\/radio\/index.php\/wp-json\/wp\/v2\/pages"}],"about":[{"href":"https:\/\/www.femasantarosa.com.br\/radio\/index.php\/wp-json\/wp\/v2\/types\/page"}],"author":[{"embeddable":true,"href":"https:\/\/www.femasantarosa.com.br\/radio\/index.php\/wp-json\/wp\/v2\/users\/1"}],"replies":[{"embeddable":true,"href":"https:\/\/www.femasantarosa.com.br\/radio\/index.php\/wp-json\/wp\/v2\/comments?post=15"}],"version-history":[{"count":1,"href":"https:\/\/www.femasantarosa.com.br\/radio\/index.php\/wp-json\/wp\/v2\/pages\/15\/revisions"}],"predecessor-version":[{"id":902,"href":"https:\/\/www.femasantarosa.com.br\/radio\/index.php\/wp-json\/wp\/v2\/pages\/15\/revisions\/902"}],"wp:attachment":[{"href":"https:\/\/www.femasantarosa.com.br\/radio\/index.php\/wp-json\/wp\/v2\/media?parent=15"}],"curies":[{"name":"wp","href":"https:\/\/api.w.org\/{rel}","templated":true}]}}